146491 composite?
True
Is 74484488839 a composite number?
True
Is 116927707627 prime?
False
Is 1147058455 a composite number?
True
Is 588770543 a prime number?
False
Is 379604233 a composite number?
False
Is 875167151 composite?
True
Is 23680003 a prime number?
True
Is 7771388333 a composite number?
True
Is 2391204689 a composite number?
False
Is 73339993183 prime?
False
Is 820730507 composite?
False
Is 321617096527 a composite number?
True
Is 477618781 prime?
False
Is 67913507759 a composite number?
False
Is 2800433711 a composite number?
False
Is 9682150679 composite?
True
Is 4957529 composite?
False
Is 20753301193 a composite number?
False
Is 197028283 composite?
True
Is 13344923759 a composite number?
True
Is 26654384987 a prime number?
True
Is 14356672367 prime?
True
Is 2758924243 composite?
True
Is 1170490247 a composite number?
False
Is 537367067 a composite number?
True
Is 13233328393 a prime number?
True
Is 36424301649 a composite number?
True
Is 283430317 a prime number?
False
Is 9991391491 a composite number?
True
Is 632028743 composite?
False
Is 59125324073 a composite number?
True
Is 58604289439 composite?
True
Is 10752755267 prime?
True
Is 5154279367 composite?
False
Is 2316412313 composite?
False
Is 16649399687 a prime number?
False
Is 7421760277 a prime number?
False
Is 86147121561 prime?
False
Is 2187917041 prime?
False
Is 4910433499 a composite number?
False
Is 745088293 composite?
False
Is 23467739 a prime number?
False
Is 996384647 prime?
False
Is 44147776987 a composite number?
False
Is 2408543029 prime?
True
Is 15437651 a prime number?
True
Is 2641624933 a prime number?
True
Is 1144843871 a composite number?
True
Is 78796031549 a composite number?
False
Is 34857652903 composite?
True
Is 5582845579 prime?
True
Is 22988705683 prime?
False
Is 143376731 a prime number?
False
Is 5383565683 prime?
False
Is 153669476143 prime?
True
Is 2871618521 a prime number?
True
Is 11450206589 composite?
True
Is 46295122559 a prime number?
False
Is 809400743 a composite number?
False
Is 10764330013 composite?
True
Is 338653453 a composite number?
False
Is 60785570533 composite?
False
Is 2019890423 composite?
True
Is 258721714583 a prime number?
False
Is 17735626157 prime?
True
Is 166490419 a prime number?
False
Is 1787249903 a composite number?
True
Is 210556517 prime?
True
Is 84641166743 a composite number?
True
Is 3520061537 composite?
True
Is 91487239 prime?
False
Is 325745773 prime?
True
Is 63556247897 a prime number?
False
Is 5755310455 a composite number?
True
Is 2947640771 prime?
True
Is 3172010327 composite?
False
Is 62961389 a prime number?
True
Is 64033465423 composite?
False
Is 1933292917 composite?
True
Is 13250285273 prime?
False
Is 10237792571 prime?
False
Is 7743490981 a prime number?
True
Is 872654179 prime?
False
Is 5256276969 a composite number?
True
Is 18370361714 a composite number?
True
Is 2629641394 prime?
False
Is 13428780653 composite?
False
Is 232374269 a composite number?
True
Is 28118651009 composite?
False
Is 1197946231 composite?
False
Is 14834942237 a composite number?
True
Is 376276211 prime?
False
Is 27999382861 prime?
True
Is 968281711 a prime number?
True
Is 955382359 a prime number?
False
Is 771844153 a composite number?
False
Is 6904622399 a composite number?
True
Is 617738287 a composite number?
True
Is 391140917 composite?
True
Is 12643709453 prime?
True
Is 3409781549 prime?
True
Is 190883534 prime?
False
Is 38252850703 a composite number?
False
Is 961083782 composite?
True
Is 1603183933 a prime number?
False
Is 1970542213 a prime number?
True
Is 143997277 a composite number?
False
Is 186963467 a prime number?
False
Is 515390659 a composite number?
True
Is 37621421 composite?
False
Is 1359931679 a composite number?
False
Is 2010597491 a composite number?
True
Is 396480857 a composite number?
False
Is 24731006249 a prime number?
False
Is 10425507167 prime?
True
Is 15569926649 a composite number?
False
Is 13739879873 a prime number?
True
Is 108008144897 a composite number?
True
Is 1140705311 prime?
True
Is 1954151117 prime?
False
Is 4201331219 a prime number?
False
Is 378465499 composite?
False
Is 5834282467 a composite number?
True
Is 15270596537 a composite number?
True
Is 76533943 a prime number?
False
Is 98257223 a prime number?
False
Is 13648249067 a prime number?
False
Is 2608722241 prime?
True
Is 2396978251 a prime number?
True
Is 25428566351 composite?
False
Is 6709546073 a prime number?
True
Is 3497794039 a prime number?
True
Is 11910885109 a prime number?
False
Is 77204084999 a composite number?
False
Is 1185502489 a composite number?
True
Is 205145981 a prime number?
False
Is 47398916893 composite?
False
Is 25581743 a composite number?
True
Is 9902464127 composite?
False
Is 54478930661 a composite number?
False
Is 8491989329 a prime number?
False
Is 1786659722 prime?
False
Is 56759342791 a composite number?
True
Is 1292194907 a composite number?
True
Is 3776832959 composite?
False
Is 8980051207 prime?
False
Is 186172260269 a prime number?
True
Is 222859086481 prime?
False
Is 1269413617 a composite number?
True
Is 136011067 prime?
False
Is 22028269489 a prime number?
True
Is 20533377127 a composite number?
False
Is 2647803253 composite?
True
Is 714900833 a composite number?
True
Is 3424314262 a prime number?
False
Is 2805678433 prime?
True
Is 778933381 prime?
True
Is 8927723261 prime?
False
Is 317157805 a composite number?
True
Is 3727071185 a prime number?
False
Is 730093443 a prime number?
False
Is 107453910133 prime?
True
Is 41482612973 a prime number?
False
Is 135708277 composite?
True
Is 277617967463 a prime number?
True
Is 3649939057 a prime number?
True
Is 10996561357 composite?
True
Is 131639354857 a prime number?
False
Is 13033816223 a composite number?
False
Is 17341199279 a prime number?
True
Is 6196543259 composite?
True
Is 171576959071 a composite number?
True
Is 21939784241 prime?
True
Is 527724619 composite?
False
Is 2291127931 a composite number?
False
Is 755291311 composite?
False
Is 2495782231 prime?
True
Is 42354552359 a prime number?
False
Is 14642380673 prime?
True
Is 15101856599 composite?
False
Is 3967064371 a prime number?
True
Is 2349342467 a composite number?
False
Is 20823783091 composite?
False
Is 30548514383 a composite number?
False
Is 2380672049 a composite number?
True
Is 794317871 a prime number?
False
Is 3145318333 prime?
False
Is 3808594535 prime?
False
Is 10107416819 a composite number?
False
Is 253584560239 composite?
False
Is 938869601 a composite number?
False
Is 2038231457 a composite number?
True
Is 6264611 a prime number?
True
Is 810380297 prime?
False
Is 8572336007 prime?
False
Is 2659413901 prime?
True
Is 15741251 composite?
False
Is 60137369 a prime number?
True
Is 66443656483 composite?
False
Is 543421213 composite?
False
Is 1406275301 composite?
True
Is 2040225193 composite?
False
Is 4955916529 composite?
True
Is 2751166109 a prime number?
True
Is 215519382753 prime?
False
Is 1784640817 composite?
True
Is 52946019241 a prime number?
False
Is 2546954341 composite?
False
Is 56142853301 a prime number?
False
Is 10351057303 a composite number?
False
Is 509130231199 a composite number?
False
Is 1863368823 composite?
True
Is 8946653761 a composite number?
True
Is 534121969 prime?
False
Is 22708952107 prime?
True
Is 122274543637 a prime number?
True
Is 306115639 a composite number?
False
Is 14705419723 a composite number?
True
Is 2126944933 a composite number?
False
Is 2743670081 a prime number?
True
Is 6244035169 a prime number?
False
Is 53242337 a composite number?
True
Is 4895609123 a composite number?
False
Is 146569924289 composite?
True
Is 103824341419 prime?
True
Is 1069425661 composite?
True
Is 1519052063 prime?
True
Is 27244370333 prime?
True
Is 99073247899 composite?
False
Is 276812927 composite?
False
Is 4702791521 a prime number?
False
Is 3227213809 prime?
False
Is 893582587 composite?
False
Is 1365487213 composite?
False
Is 781007203 prime?
False
Is 19826089051 prime?
False
Is 80291762609 composite?
True
Is 3268326233 prime?
False
Is 64861477 a prime number?
False
Is 8016194503 a prime number?
True
Is 2873370571 composite?
False
Is 3148541101 a composite number?
False
Is 282576451 prime?
True
Is 2832152389 prime?
False
Is 348528503 prime?
